= -4*f. What is the units digit of f?
1
What is the hundreds digit of 31/11 + -3 + 87625/55?
5
Suppose z + 2 = -3*j + 12, j - 8 = 2*z. Suppose 0 = 5*a - 2*w - 1199, 470 = -0*a + 2*a - j*w. What is the tens digit of a?
4
Suppose 1187 = 4*o - 4*p - 1865, 0 = -2*p - 2. What is the units digit of o?
2
Suppose 0 = 5*n + 2*h - 5*h + 4, 3*n + 5*h - 18 = 0. Suppose -n = v, 0 = 3*x + v - 3*v - 428. What is the tens digit of x?
4
Let n(v) be the second derivative of -13*v**4/24 + v**3/3 - v**2/2 - 14*v. Let j(m) be the first derivative of n(m). What is the tens digit of j(-5)?
6
Let q(z) = z**2 - 13*z + 15. Let v be q(11). Let n = v - -7. Suppose -x + 12 + 6 = n. What is the units digit of x?
8
Suppose 4*b - 2710 = -5*i, -3*i + 1528 = 3*b - 95. What is the hundreds digit of i?
5
Let y = -13 + 25. Suppose -3*r = r + y. What is the tens digit of (16/r)/((-5)/15)?
1
Let q = -5998 - -8724. What is the hundreds digit of q?
7
Let x(f) = -f**2 + 10*f - 5. Let q be x(10). Let j(z) = -4*z + 9. What is the tens digit of j(q)?
2
Let a(i) = -68 + 163 + 21*i - 34. What is the units digit of a(7)?
8
Suppose 11*h - 669 = -108. Suppose -3*i = -6*i + h. What is the tens digit of i?
1
Let p be (-4 - (-2680)/9) + 8/36. Suppose 5*m + 3*j + 39 - 1557 = 0, 3*j = -m + p. What is the units digit of m?
6
Suppose 5*d - 11*d = -2016. Let q = d + -147. What is the hundreds digit of q?
1
What is the units digit of (0 - (-4)/2)*(-1435)/(-10)?
7
Let x(h) = -h**2 - 3*h**2 - 5*h + 0 + 2 + h**3. Suppose 13*q + 16*q - 145 = 0. What is the units digit of x(q)?
2
Let g be 120/(-70) - (-4)/(-14). What is the tens digit of g + (4 - (-26 + 3))?
2
Suppose 0 = -3*g - 4 - 14. Let m be (9/g)/(6/(-4)). What is the tens digit of 3/9*177*m?
5
Let j(q) = q**3 + q - q**2 - 7*q + 4*q + 3. What is the units digit of j(4)?
3
Let t be (1 - 69)/(28/(-42)). Suppose -2*f = -2*o - t, -13 + 1 = -4*o. What is the tens digit of f?
5
Let r = -7 - -11. Suppose 4*a = 2*a + u + 4, r*u = -a - 16. Suppose a = -4*x + 4*f + 36, 5*f - 28 = -x + 11. What is the tens digit of x?
1
Suppose -790 = 8*j - 13*j. Suppose -4*v = -6*v + j. What is the tens digit of v?
7
Let j(s) = -s**3 - 6*s**2 + 2*s + 6. Let n be j(-6). Let a = 0 - n. Suppose -a = -2*f, 0 = 2*h - 0*f - 4*f - 12. What is the tens digit of h?
1
Let q(u) = u**3 - 2*u**2 - u + 1056. What is the hundreds digit of q(0)?
0
Suppose 4*o = -k + 64, o = -0*o + 3*k + 3. Let h = o - -7. Let j = 22 + h. What is the tens digit of j?
4
Let q(m) = 2*m**3 + 4*m**2 - 6*m - 4. Suppose -b - 9 = -3*k + 2*b, 0 = 2*b. What is the tens digit of q(k)?
6
What is the units digit of (1 + 19)*(-175 + 359)?
0
Suppose 2*t = 2 + 54. Suppose -13 = v + t. Let m = -4 - v. What is the tens digit of m?
3
Let s(u) = 5*u**3 - 2*u**2 - 7*u + 34. What is the units digit of s(4)?
4
What is the tens digit of 1829/9 - (-8)/(-36)?
0
Suppose 14*c - 64578 = -18742. What is the hundreds digit of c?
2
Suppose 4*d = 4*f + 2748, 2*d + 3*f = 3*d - 681. What is the hundreds digit of d?
6
Suppose o = -4*b + 70, 2*o - 3*o = b - 16. What is the units digit of b?
8
Suppose -9*x + 28 = -7*x. Suppose -17*j + x*j = -234. What is the tens digit of j?
7
Let m = -3 - -18. Suppose 2*a = -2*f - 32, -12 - 3 = 3*a. Let h = m + f. What is the units digit of h?
4
Let s = -91 + 118. What is the hundreds digit of 12030/54 - (2 - 60/s)?
2
Let s(m) = -5*m + 10. Let b be s(4). Let l(h) = 2 - 1 - h - 4. What is the units digit of l(b)?
7
Suppose 0 = -b + 8*b - 2912. Suppose 136 = 4*h - b. What is the units digit of h?
8
Let y(p) = -p**3 + 29*p**2 + 15*p - 43. What is the hundreds digit of y(29)?
3
Let m(u) = u**2 - u. Let d be m(4). Suppose -z + i + 328 = 2*z, 3*i = -d. Suppose -4*f = -0*f - z. What is the tens digit of f?
2
Suppose 3*l - 2*n = 5, -2*l - 2*n = l - 13. Suppose -x - x = 5*m + 1, 3*x - l = -3*m. What is the units digit of x?
2
Let h = 90 - 87. What is the hundreds digit of 2550/20 - h/(-2)?
1
Let z = 263 - 188. What is the units digit of z?
5
Suppose t + 16*z - 12*z = 603, 3*t = -3*z + 1836. What is the units digit of t?
5
Suppose -67*t = -63*t. Suppose -4*i - 91 = -q - i, -4*i + 16 = t. What is the tens digit of q?
0
Let w(g) = -g**3 - 2*g**2 + 6*g + 5. Let x be w(-5). Let r be ((-6)/(-4))/(15/x). Let z = 1 + r. What is the units digit of z?
6
Let u(h) = -h**3 - 2*h**2 + 5*h + 2. Let n be (30/25)/((-3)/10). Let y be u(n). Suppose 4 = -5*z + y. What is the units digit of z?
2
Suppose -9 = -3*z - 0. Suppose -4*p + z*l + 2 = -2*p, 20 = 4*p - 2*l. What is the units digit of p?
7
What is the tens digit of 3/(-9) + (-2 - 2068/(-12))?
7
Suppose 0*t - t + 17 = 2*i, -5*t + 85 = 2*i. Let f be 8/4*-1 - -32. Let d = f + t. What is the tens digit of d?
4
Let f = -153 - -190. What is the tens digit of f?
3
Let a(x) = 73*x**2 + 43*x - 9. What is the hundreds digit of a(7)?
8
Suppose 7*t + 1210 = 6971. What is the units digit of t?
3
Let f(a) = -a**3 - 12*a**2 - 11*a + 15. Let v be (-22)/(-6)*(-42)/14. What is the units digit of f(v)?
5
Let d(t) be the first derivative of 2*t**3 + 5*t**2/2 - 6*t - 6. What is the tens digit of d(3)?
6
Let l(x) be the third derivative of 7*x**6/120 - x**5/30 - x**4/8 + x**3/3 - 3*x**2. What is the tens digit of l(2)?
4
Suppose 4*g + 1630 = 5*x, -1269 = -5*x + 5*g + 361. Suppose -163 = 2*q - 3*q + 4*c, 2*q - x = -4*c. What is the hundreds digit of q?
1
Let b be 625 + (8/2)/(-1). Suppose 5*t - b = 3*c - 5*c, 2*t + 1538 = 5*c. What is the units digit of c?
8
Let c = -1051 + 2042. What is the hundreds digit of c?
9
Let c be 2/4*-2 - 2. Let f = 1 - c. Suppose -30 = -z + 4*w, w - 43 = f*z - 118. What is the units digit of z?
8
Suppose 27*t - 18*t - 21834 = 0. What is the tens digit of t?
2
Suppose 2*c - 1204 = -2*f, -4*f + 898 = -3*c - 1531. What is the units digit of f?
5
Let s = 1488 - 973. Suppose 1295 - s = 5*t. What is the hundreds digit of t?
1
Suppose -11*n - 514 + 1779 = 0. What is the hundreds digit of n?
1
Let s = 9 + -2. Suppose 8*p = s*p + 48. What is the tens digit of p?
4
Suppose 3*s + 26 = 8. Let r(j) = j + 5. Let o be r(s). Let h = o - -25. What is the units digit of h?
4
Let i = -2 + 250. What is the hundreds digit of i?
2
Let m be (-2)/(-9) + 7730/45. Suppose m = -b - 3*b. Let o = 64 + b. What is the tens digit of o?
2
Let r be (2/5)/(4/20). Let p(s) = s**2 - 2. Let h be p(r). Suppose h*g - 60 = -3*g. What is the tens digit of g?
1
Let z(r) = 5*r + 48. Suppose 0 = -10*l - 0*l. What is the units digit of z(l)?
8
Let s(k) = -k**2 - k + 9. Let r be s(-4). What is the units digit of (-570)/(-20)*(-2)/r?
9
Suppose -p - r - 97 = 0, p + r + 100 = 3*r. What is the units digit of p/28*88/(-14)?
2
Let c be (-6 - -9)*(-34)/(-6). Let x = 63 - c. What is the units digit of x?
6
Let h be (-2)/(-2)*-1 + 3. Suppose h*i = -4*s + 414, 3*s - 2*s = -i + 105. What is the units digit of s?
2
Suppose 3*n + 12 - 36 = 0. Suppose -4*d = -5*t - 31, -4*d + n = -8. Let r(v) = -7*v + 5. What is the tens digit of r(t)?
2
Let f be (2 - (-102)/(-8)) + (-8)/32. Suppose w - 1 = 30. Let d = f + w. What is the tens digit of d?
2
Let f = -2703 - -5610. What is the thousands digit of f?
2
Let n be (-475)/(-3)*(10/2 + -2). Suppose -7*g + n = 90. What is the units digit of g?
5
Let b(h) = -81*h**3 + h**2 + 2*h + 1. Let x be b(-1). What is the units digit of -1*1/((-1)/x)?
1
Let p = 405 - 311. What is the units digit of p?
4
Let a = -287 + 762. What is the units digit of a?
5
Suppose -2 = v - 3. Let q(k) = 0 + 2*k**3 - k + 5*k - v - 5*k**2. What is the units digit of q(3)?
0
Suppose 0 = 9*p - 4*p. Suppose -2*w - 63 + 331 = p. Suppose -2*m + w = 4*y, 183 - 34 = 4*y - m. What is the tens digit of y?
3
Let l = -263 - -434. Suppose -m - 2*s = -209, -l - 705 = -4*m + 2*s. Suppose 52 - m = -5*d. What is the units digit of d?
3
Suppose c - 174 = -2*c - 3*s, 0 = 4*c - 4*s - 256. Suppose 0 = -k + 5*u - 27, 86 = -3*k + 4*u - 28. Let t = c + k. What is the units digit of t?
9
Let h(t) = -2 + 0 - 9*t**3 + 1 - t. Let f be h(2). Let k = -20 - f. What is the tens digit of k?
5
Suppose 3*r + 4 = -2*s + 23, -57 = -5*s + 2*r. Suppose -s - 29 = 4*d. Let h(t) = t**2 + 9*t - 1. What is the units digit of h(d)?
9
Let t = -63 - -62. What is the tens digit of (t - 1)*-7 + 4?
1
Suppose -6*d = -4*d - 88. Suppose -p - 23 = -4*s - s, 2*s = -p - d. Let n = p 